{"id":57,"date":"2023-10-23T17:51:55","date_gmt":"2023-10-23T15:51:55","guid":{"rendered":"https:\/\/chezjuliettebienetre.fr\/?page_id=57"},"modified":"2024-11-22T00:03:27","modified_gmt":"2024-11-21T23:03:27","slug":"qui-suis-je","status":"publish","type":"page","link":"https:\/\/chezjuliettebienetre.fr\/index.php\/qui-suis-je\/","title":{"rendered":"Qui suis-je ?"},"content":{"rendered":"\n<div class=\"wp-block-group is-layout-constrained wp-block-group-is-layout-constrained\">\n<p class=\"has-raft-fg-color has-text-color\"><strong><em>Qui se cache derri\u00e8re Juliette?<\/em><\/strong><\/p>\n\n\n\n<figure class=\"wp-block-image alignright size-large is-resized\"><img loading=\"lazy\" decoding=\"async\" width=\"819\" height=\"1024\" src=\"https:\/\/chezjuliettebienetre.fr\/wp-content\/uploads\/2023\/10\/393808812_122115183902068505_3906202411333615448_n-819x1024.jpg\" alt=\"\" class=\"wp-image-54\" style=\"width:400px\" srcset=\"https:\/\/chezjuliettebienetre.fr\/wp-content\/uploads\/2023\/10\/393808812_122115183902068505_3906202411333615448_n-819x1024.jpg 819w, https:\/\/chezjuliettebienetre.fr\/wp-content\/uploads\/2023\/10\/393808812_122115183902068505_3906202411333615448_n-240x300.jpg 240w, https:\/\/chezjuliettebienetre.fr\/wp-content\/uploads\/2023\/10\/393808812_122115183902068505_3906202411333615448_n-768x960.jpg 768w, https:\/\/chezjuliettebienetre.fr\/wp-content\/uploads\/2023\/10\/393808812_122115183902068505_3906202411333615448_n-1229x1536.jpg 1229w, https:\/\/chezjuliettebienetre.fr\/wp-content\/uploads\/2023\/10\/393808812_122115183902068505_3906202411333615448_n.jpg 1440w\" sizes=\"auto, (max-width: 819px) 100vw, 819px\" \/><\/figure>\n\n\n\n<p class=\"has-text-align-left has-raft-fg-color has-text-color\">Je m\u2019appelle Juliette et je viens de souffler mes 50 bougies!<br>Je suis dipl\u00f4m\u00e9e pr\u00e9paratrice en pharmacie depuis 1994. C\u2019est un m\u00e9tier passionnant o\u00f9 il faut \u00eatre disponible et \u00e0 l&rsquo;\u00e9coute des patients qui n&rsquo;h\u00e9sitent pas \u00e0 vous demander conseil pour tous types de questions li\u00e9es \u00e0 leur sant\u00e9 et \u00e0 leur vie personnelle.<br><\/p>\n\n\n\n<p class=\"has-text-align-left has-raft-fg-color has-text-color\">\u00c9galement, titulaire du CAP esth\u00e9tique depuis 1999, j\u2019ai toujours ador\u00e9 conseiller les produits cosm\u00e9tiques!\u00a0<br>Puis pour continuer \u00e0 me former , je me suis int\u00e9ress\u00e9e \u00e0 l\u2019utilit\u00e9 b\u00e9n\u00e9fique des huiles essentielles et des plantes<br>Naturellement, j\u2019ai d\u00e9cid\u00e9 d\u2019approfondir mes connaissances dans le domaine des produits et des soins li\u00e9s \u00e0 la d\u00e9tente.<\/p>\n\n\n\n<p>Je me suis donc form\u00e9e et aujourd\u2019hui, je me suis sp\u00e9cialis\u00e9e dans les soins visage et corps nettoyants et relaxants personnalis\u00e9s gr\u00e2ce \u00e0 la technique ayurv\u00e9dique.<\/p>\n<\/div>\n\n\n\n<p>Cette approche est ax\u00e9e sur l\u2019harmonie de l\u2019individu avec son corps et son esprit afin de retrouver, d\u00e9tente, harmonie et bien-\u00eatre.<br>Passionn\u00e9e, dynamique et d\u00e9bordante d\u2019\u00e9nergie, je vous invite \u00e0 venir me rencontrer et faire connaissance!<\/p>\n\n\n\n<p>A bient\u00f4t !<\/p>\n\n\n\n<div class=\"wp-block-group is-layout-constrained wp-block-group-is-layout-constrained\">\n<div class=\"wp-block-buttons is-content-justification-center is-layout-flex wp-container-core-buttons-is-layout-a89b3969 wp-block-buttons-is-layout-flex\">\n<div class=\"wp-block-button\"><a class=\"wp-block-button__link wp-element-button\" href=\"https:\/\/chezjuliettebienetre.fr\/?page_id=113\">D\u00e9couvrir mes soins<\/a><\/div>\n\n\n\n<div class=\"wp-block-button\"><a class=\"wp-block-button__link wp-element-button\" href=\"mailto:chezjuliette.bienetre@gmail.com\">Prendre rendez-vous<\/a><\/div>\n\n\n\n<div class=\"wp-block-button\"><a class=\"wp-block-button__link wp-element-button\" href=\"https:\/\/chezjuliettebienetre.fr\">Retourner \u00e0 l&rsquo;Accueil<\/a><\/div>\n<\/div>\n<\/div>\n","protected":false},"excerpt":{"rendered":"<p>Qui se cache derri\u00e8re Juliette? Je m\u2019appelle Juliette et je viens de souffler mes 50 bougies!Je suis dipl\u00f4m\u00e9e pr\u00e9paratrice en pharmacie depuis 1994. C\u2019est un m\u00e9tier passionnant o\u00f9 il faut \u00eatre disponible et \u00e0 l&rsquo;\u00e9coute des patients qui n&rsquo;h\u00e9sitent pas \u00e0 vous demander conseil pour tous types de questions li\u00e9es \u00e0 leur sant\u00e9 et \u00e0 [&hellip;]<\/p>\n","protected":false},"author":1,"featured_media":0,"parent":0,"menu_order":0,"comment_status":"closed","ping_status":"closed","template":"","meta":{"footnotes":""},"class_list":["post-57","page","type-page","status-publish","hentry"],"_links":{"self":[{"href":"https:\/\/chezjuliettebienetre.fr\/index.php\/wp-json\/wp\/v2\/pages\/57","targetHints":{"allow":["GET"]}}],"collection":[{"href":"https:\/\/chezjuliettebienetre.fr\/index.php\/wp-json\/wp\/v2\/pages"}],"about":[{"href":"https:\/\/chezjuliettebienetre.fr\/index.php\/wp-json\/wp\/v2\/types\/page"}],"author":[{"embeddable":true,"href":"https:\/\/chezjuliettebienetre.fr\/index.php\/wp-json\/wp\/v2\/users\/1"}],"replies":[{"embeddable":true,"href":"https:\/\/chezjuliettebienetre.fr\/index.php\/wp-json\/wp\/v2\/comments?post=57"}],"version-history":[{"count":26,"href":"https:\/\/chezjuliettebienetre.fr\/index.php\/wp-json\/wp\/v2\/pages\/57\/revisions"}],"predecessor-version":[{"id":224,"href":"https:\/\/chezjuliettebienetre.fr\/index.php\/wp-json\/wp\/v2\/pages\/57\/revisions\/224"}],"wp:attachment":[{"href":"https:\/\/chezjuliettebienetre.fr\/index.php\/wp-json\/wp\/v2\/media?parent=57"}],"curies":[{"name":"wp","href":"https:\/\/api.w.org\/{rel}","templated":true}]}}